- 15 = -57. Suppose -76 = -a*p + 113. Calculate the highest common divisor of p and 9.
9
Let t be 9 + 57 - 2/1. Suppose 3*q + 0*z = -4*z + 300, z - 195 = -2*q. Calculate the greatest common divisor of q and t.
32
Let o be 1*3 + 1 + 0. Suppose -5*r + 6*j - 11*j = -195, -2*j - 10 = 0. What is the greatest common divisor of r and o?
4
Let w be 24/(-2) + -9*6/(-18). Let m be (440/12)/(3/w*-1). What is the highest common divisor of m and 10?
10
Suppose -5*s + 60 = -5*p, 18 = -5*p + 43. What is the greatest common divisor of 1819 and s?
17
Suppose 3298 = 5*g - 0*n - n, -2*g - 3*n = -1326. What is the highest common divisor of g and 30?
30
Let i(a) = a + 22. Let f be i(-20). Suppose 0 = 4*n - f*o - 46, 3*o = 3*n + 2 - 29. What is the greatest common divisor of n and 98?
14
Let f(s) = s**3 - s**2 + 3*s + 5. Let j be f(0). Suppose 4*n - g - 231 = -52, -2*n + 95 = j*g. What is the greatest common divisor of 10 and n?
5
Suppose 3417 = 35*d + 477. What is the highest common divisor of d and 420?
84
Suppose 0 = 5*q + 20, 2*q + 233 - 169 = 4*m. Let u be ((-1820)/(-30))/((-1)/(-3)). Calculate the highest common factor of u and m.
14
Let m(t) = -t**3 + 8*t**2 - 4*t. Let c be m(7). Let j = c - 20. Calculate the greatest common factor of j and 9.
1
Let c = 44 - 7. Let j = 47 - c. What is the highest common divisor of j and 40?
10
Suppose 2*n = -s + 537, -3*n + 4*n = 3*s - 1590. What is the greatest common divisor of s and 9?
9
Suppose -4*m = -4, m = 4*f - 8 + 1. Let g(i) = -3*i**2 + 3*i + i**3 - 4 + f + 0*i**2. Let z be g(5). Calculate the greatest common factor of z and 7.
7
Let f(n) = 6*n + 91. Let i be f(-10). Let p(y) = 280*y**2 - y. Let w be p(1). Calculate the highest common factor of w and i.
31
Let w(b) = b**2 + 3*b + 15. Let f be w(5). Let n = f - 29. Calculate the highest common divisor of n and 52.
26
Let v(x) = -x**2 + 11*x + 14. Let r be v(9). What is the highest common factor of 56 and r?
8
Suppose -o - o = -8, -2*d = 4*o - 20. Suppose -6*q + d*q + 60 = 2*y, -3*q = -2*y + 67. What is the greatest common divisor of 352 and y?
32
Let o be 2 + (-13)/4 + ((-810)/(-40) - 2). Suppose -z + 0 = -17. What is the highest common factor of o and z?
17
Suppose 0 = 4*t - 20, -1324 = -u + 14*t - 18*t. Calculate the greatest common factor of u and 8.
8
Suppose -3*g + 3 = -w, w + 1 = 4. Let j be (-2211)/(-268) - (-2)/(-16)*g. What is the highest common divisor of j and 20?
4
Suppose o - 3 - 1 = 0. Let q be ((-11)/o)/(2/(-8)). Let y = -9 + 20. Calculate the highest common factor of q and y.
11
Let s = -7 + 7. Let d be s - -3*(15 + -4). Calculate the highest common factor of 3 and d.
3
Suppose 2*y - m + 475 = 4*m, 3*y - 4*m + 695 = 0. Let r be (-304)/(-30) + 30/y. Calculate the highest common divisor of r and 55.
5
Suppose -3*w = 5*b - 5*w - 24, -33 = -4*b - 3*w. Let q be (-12)/(-2)*2/4. Suppose -45 = q*m - 8*m. Calculate the highest common factor of m and b.
3
Suppose -3*v = q - 206, 5*v - 3*q - 166 = 182. Let r(s) = 124*s - 450. Let j be r(4). What is the highest common divisor of v and j?
23
Let i(l) = l**3 - 6*l**2 + 32. Let n be i(6). What is the highest common factor of 128 and n?
32
Suppose 0 = -2*f - 2*f - 12. Let h be (-3 - (f + 4)) + 39. Let a be ((-450)/h)/((-2)/28). What is the highest common divisor of 20 and a?
20
Let r be 5841/18 + (-5)/2. What is the highest common divisor of r and 46?
46
Let o be 4/38 + (-22550)/(-209). What is the greatest common divisor of o and 378?
54
Let u be ((-4)/6)/(-1 - 413/(-420)). Calculate the highest common divisor of 1240 and u.
40
Let p = -83 + 167. Suppose 0*a - 5*f - p = -2*a, f - 108 = -2*a. What is the greatest common factor of 13 and a?
13
Suppose 0 = -3*g, -4*p + g + 77 = -52 - 31. Suppose -4*b + 76 = 2*o, -b - 14 = -2*b - 3*o. Calculate the highest common factor of b and p.
20
Suppose -2*j - 12*m + 9*m = -81, 0 = m + 3. What is the greatest common divisor of j and 243?
9
Suppose 0*i = -4*i + 4*p + 56, i + 2*p + 1 = 0. Let x be -2*(1 + 83/(-2)). What is the greatest common divisor of i and x?
9
Let w = 2614 - 2527. Suppose 0 = -2*r - r + 174. Calculate the highest common factor of w and r.
29
Let f = 897 - 882. Calculate the highest common factor of f and 465.
15
Let s = -1794 + 1814. Calculate the highest common divisor of 820 and s.
20
Suppose 16*o - 150 - 26 = 0. Suppose 7*q = 10 + o. Suppose -l - m + 4*m - 3 = 0, -2*l + m = -4. Calculate the greatest common factor of l and q.
3
Let v be 3 - (2 - 1) - -1. Let u = v + 0. Suppose -3*t + 4*b + 0*b + 76 = 0, t = -2*b + 22. Calculate the greatest common divisor of t and u.
3
Suppose -h = -2*h. Suppose 0 = u - h*u - 12. Let m be 786/u - (-2)/4. What is the highest common divisor of 44 and m?
22
Let f be (0 - (-4)/14) + 54161/287. What is the greatest common factor of 7 and f?
7
Suppose -5*c + 513 = 73. Let n be -10*(-4)/10 + 7. Calculate the greatest common divisor of c and n.
11
Let j be 2/(-3) - (-910)/15. Suppose 3*h + 2*h = 5*c - 80, h + 4 = 0. What is the greatest common factor of j and c?
12
Let u(b) = 3*b**2 + b - 2. Let j be u(-4). Let o be (-3)/12 - (-1948)/(-16). Let p = o - -227. What is the greatest common divisor of j and p?
21
Suppose 15 = -3*c, 31 = 2*x + 2*c - 11. What is the greatest common factor of 585 and x?
13
Let j be -4 + (10 - 4)*-1. Let t be 1 - j/(3 - 1). Let s be (-80)/t*(-15)/10. What is the highest common factor of 60 and s?
20
Let l(t) = t**2 + t - 3. Let x be l(-6). Let b be (-8)/28 + (-23)/(-7). Let i be (9/(-3))/(b - 4). Calculate the highest common factor of i and x.
3
Let g = -2195 - -3626. Calculate the greatest common factor of g and 27.
27
Suppose 9*i = 14*i - 510. Let t = i + 129. Calculate the highest common factor of 21 and t.
21
Let w = 2612 + -2589. Calculate the greatest common factor of w and 460.
23
Let c be (-20)/(-12) - 2/(-6). Let r(u) = -4*u - 10. Let d = 12 + -20. Let f be r(d). What is the highest common divisor of f and c?
2
Suppose 4*m - 39 = 4*s + 9, 0 = 4*m - 5*s - 45. Suppose -r + m = -75. Suppose 2*c = -c + r. Calculate the greatest common divisor of 10 and c.
10
Let y be 3 - 2/2*2. What is the greatest common divisor of y and 5?
1
Let b be 2/(-1*(-1 + 0 + 0)). Suppose m = -3*c - 0*m + 31, 6 = b*c - 3*m. What is the highest common divisor of 45 and c?
9
Let f = 170 + -125. Let z be 2/15 - (-1614)/f. Calculate the greatest common factor of z and 324.
36
Suppose -3*s = 2*r - 1 - 13, -2*s + 13 = 5*r. Let c be (0 + 3)*(-3 + s)*24. What is the greatest common divisor of c and 54?
18
Let w be (1 + -2)/((-3)/12). Let i(q) = q - 1. Let z(n) = 2*n + 8. Let s(h) = 4*i(h) - z(h). Let m be s(8). What is the highest common divisor of m and w?
4
Suppose -23*w - 52 = -4*t - 18*w, -w = 5*t - 94. Calculate the greatest common factor of t and 74.
2
Suppose 0 = 13*l - 47 - 18. Suppose 290 = -r + 2*r - h, -l*h + 615 = 2*r. What is the greatest common factor of r and 118?
59
Suppose -15 = 3*w + 984. Let u = w - -542. Calculate the greatest common factor of 19 and u.
19
Suppose -n + 15 = 2*p, 10*p = 3*n + 5*p - 67. Let w(f) = 7*f**2 + 28*f - 14. Let l be w(-7). Calculate the greatest common divisor of n and l.
19
Let s(y) = -y**2 - 4*y. Let c be s(-4). Let a be (-4 + 8 - 0) + c. Suppose a*t - 5*t = 2*x - 68, -2*t - 4 = 0. What is the highest common divisor of 7 and x?
7
Suppose 3 = 52*s - 55*s, 2*t - 535 = 3*s. Calculate the highest common divisor of t and 70.
14
Let o(i) = -16*i + 163. Let c be o(8). Let p(j) = -j**2 + 5*j + 1. Let t = 9 - 5. Let d be p(t). Calculate the highest common factor of c and d.
5
Let x(y) = y**3 + 11*y**2 + 11*y - 24. Let q be x(-8). Calculate the greatest common factor of 280 and q.
40
Let k(p) = 21*p + 490. Let c be k(-14). What is the highest common divisor of 245 and c?
49
Let m be (-65 + 5)/((-12)/18). What is the highest common factor of 20 and m?
10
Suppose 6865 = 43*n - 4014. Calculate the highest common factor of n and 23.
23
Suppose h - 23*h + 1078 = 0. What is the greatest common factor of 147 and h?
49
Suppose -33 - 15 = -8*n. Calculate the highest common factor of n and 186.
6
Let h = -75 + 77. Suppose -5*j + 5 = -10. What is the highest common divisor of j and h?
1
Suppose -7*g = -886 - 1746. What is the highest common divisor of 47 and g?
47
Let c be 3875/30*-2*-3. Let u = c - 415. 